{"id":42,"date":"2025-11-05T06:24:29","date_gmt":"2025-11-05T06:24:29","guid":{"rendered":"https:\/\/colegiomariacurie.com.mx\/?page_id=42"},"modified":"2026-03-09T17:41:07","modified_gmt":"2026-03-09T17:41:07","slug":"primaria","status":"publish","type":"page","link":"https:\/\/colegiomariacurie.com.mx\/?page_id=42","title":{"rendered":"Primaria"},"content":{"rendered":"\t\t<div data-elementor-type=\"wp-page\" data-elementor-id=\"42\" class=\"elementor elementor-42\">\n\t\t\t\t<div class=\"elementor-element elementor-element-403f4e6 e-flex e-con-boxed e-con e-parent\" data-id=\"403f4e6\" data-element_type=\"container\" data-e-type=\"container\">\n\t\t\t\t\t<div class=\"e-con-inner\">\n\t\t\t\t<div class=\"elementor-element elementor-element-ee04012 elementor-widget elementor-widget-image\" data-id=\"ee04012\" data-element_type=\"widget\" data-e-type=\"widget\" data-widget_type=\"image.default\">\n\t\t\t\t\t\t\t\t\t\t\t\t\t\t\t<img decoding=\"async\" src=\"https:\/\/colegiomariacurie.com.mx\/wp-content\/uploads\/elementor\/thumbs\/patio3-scaled-rhf94w4d9smoh6gq9sfnpmmvzatnvjsew4yjrksvgg.jpg\" title=\"patio3\" alt=\"patio3\" loading=\"lazy\" \/>\t\t\t\t\t\t\t\t\t\t\t\t\t\t\t<\/div>\n\t\t\t\t\t<\/div>\n\t\t\t\t<\/div>\n\t\t<div class=\"elementor-element elementor-element-d53fd72 e-flex e-con-boxed e-con e-parent\" data-id=\"d53fd72\" data-element_type=\"container\" data-e-type=\"container\">\n\t\t\t\t\t<div class=\"e-con-inner\">\n\t\t\t\t<div class=\"elementor-element elementor-element-d10d1b1 elementor-widget elementor-widget-text-editor\" data-id=\"d10d1b1\" data-element_type=\"widget\" data-e-type=\"widget\" data-widget_type=\"text-editor.default\">\n\t\t\t\t\t\t\t\t\t<p style=\"caret-color: #000000; color: #000000;\" data-start=\"370\" data-end=\"670\">En la secci\u00f3n de\u00a0<strong data-start=\"387\" data-end=\"433\">Primaria del Colegio Mar\u00eda Curie de M\u00e9xico<\/strong>\u00a0acompa\u00f1amos a nuestros alumnos en una etapa clave de su formaci\u00f3n acad\u00e9mica y personal. A trav\u00e9s de una educaci\u00f3n integral basada en valores cristianos, fortalecemos el pensamiento cr\u00edtico, la responsabilidad y el respeto por los dem\u00e1s.<\/p><p style=\"caret-color: #000000; color: #000000;\" data-start=\"672\" data-end=\"871\">Nuestro modelo educativo combina aprendizaje acad\u00e9mico, desarrollo emocional y formaci\u00f3n en valores, ayudando a cada estudiante a descubrir sus capacidades y a construir bases s\u00f3lidas para su futuro.<\/p>\t\t\t\t\t\t\t\t<\/div>\n\t\t\t\t<div class=\"elementor-element elementor-element-bef1381 elementor-align-justify elementor-widget elementor-widget-button\" data-id=\"bef1381\" data-element_type=\"widget\" data-e-type=\"widget\" data-widget_type=\"button.default\">\n\t\t\t\t\t\t\t\t\t\t<a class=\"elementor-button elementor-button-link elementor-size-sm\" href=\"#\">\n\t\t\t\t\t\t<span class=\"elementor-button-content-wrapper\">\n\t\t\t\t\t\t<span class=\"elementor-button-icon\">\n\t\t\t\t<svg aria-hidden=\"true\" class=\"e-font-icon-svg e-fab-whatsapp\" viewBox=\"0 0 448 512\" xmlns=\"http:\/\/www.w3.org\/2000\/svg\"><path d=\"M380.9 97.1C339 55.1 283.2 32 223.9 32c-122.4 0-222 99.6-222 222 0 39.1 10.2 77.3 29.6 111L0 480l117.7-30.9c32.4 17.7 68.9 27 106.1 27h.1c122.3 0 224.1-99.6 224.1-222 0-59.3-25.2-115-67.1-157zm-157 341.6c-33.2 0-65.7-8.9-94-25.7l-6.7-4-69.8 18.3L72 359.2l-4.4-7c-18.5-29.4-28.2-63.3-28.2-98.2 0-101.7 82.8-184.5 184.6-184.5 49.3 0 95.6 19.2 130.4 54.1 34.8 34.9 56.2 81.2 56.1 130.5 0 101.8-84.9 184.6-186.6 184.6zm101.2-138.2c-5.5-2.8-32.8-16.2-37.9-18-5.1-1.9-8.8-2.8-12.5 2.8-3.7 5.6-14.3 18-17.6 21.8-3.2 3.7-6.5 4.2-12 1.4-32.6-16.3-54-29.1-75.5-66-5.7-9.8 5.7-9.1 16.3-30.3 1.8-3.7.9-6.9-.5-9.7-1.4-2.8-12.5-30.1-17.1-41.2-4.5-10.8-9.1-9.3-12.5-9.5-3.2-.2-6.9-.2-10.6-.2-3.7 0-9.7 1.4-14.8 6.9-5.1 5.6-19.4 19-19.4 46.3 0 27.3 19.9 53.7 22.6 57.4 2.8 3.7 39.1 59.7 94.8 83.8 35.2 15.2 49 16.5 66.6 13.9 10.7-1.6 32.8-13.4 37.4-26.4 4.6-13 4.6-24.1 3.2-26.4-1.3-2.5-5-3.9-10.5-6.6z\"><\/path><\/svg>\t\t\t<\/span>\n\t\t\t\t\t\t\t\t\t<span class=\"elementor-button-text\">M\u00e1s informaci\u00f3n<\/span>\n\t\t\t\t\t<\/span>\n\t\t\t\t\t<\/a>\n\t\t\t\t\t\t\t\t<\/div>\n\t\t\t\t\t<\/div>\n\t\t\t\t<\/div>\n\t\t<div class=\"elementor-element elementor-element-6f51d9b e-flex e-con-boxed e-con e-parent\" data-id=\"6f51d9b\" data-element_type=\"container\" data-e-type=\"container\">\n\t\t\t\t\t<div class=\"e-con-inner\">\n\t\t\t\t<div class=\"elementor-element elementor-element-ee9a055 elementor-widget elementor-widget-google_maps\" data-id=\"ee9a055\" data-element_type=\"widget\" data-e-type=\"widget\" data-widget_type=\"google_maps.default\">\n\t\t\t\t\t\t\t<div class=\"elementor-custom-embed\">\n\t\t\t<iframe loading=\"lazy\"\n\t\t\t\t\tsrc=\"https:\/\/maps.google.com\/maps?q=Cda.%20Francisco%20Moreno%20136%2C%20Villa%20Gustavo%20A.%20Madero%2C%20Gustavo%20A.%20Madero%2C%2007050%20Ciudad%20de%20M%C3%A9xico%2C%20CDMX&#038;t=m&#038;z=16&#038;output=embed&#038;iwloc=near\"\n\t\t\t\t\ttitle=\"Cda. Francisco Moreno 136, Villa Gustavo A. Madero, Gustavo A. Madero, 07050 Ciudad de M\u00e9xico, CDMX\"\n\t\t\t\t\taria-label=\"Cda. Francisco Moreno 136, Villa Gustavo A. Madero, Gustavo A. Madero, 07050 Ciudad de M\u00e9xico, CDMX\"\n\t\t\t><\/iframe>\n\t\t<\/div>\n\t\t\t\t\t\t<\/div>\n\t\t\t\t\t<\/div>\n\t\t\t\t<\/div>\n\t\t\t\t<\/div>\n\t\t","protected":false},"excerpt":{"rendered":"<p>En la secci\u00f3n de\u00a0Primaria del Colegio Mar\u00eda Curie de M\u00e9xico\u00a0acompa\u00f1amos a nuestros alumnos en una etapa clave de su formaci\u00f3n acad\u00e9mica y personal. A trav\u00e9s de una educaci\u00f3n integral basada en valores cristianos, fortalecemos el pensamiento cr\u00edtico, la responsabilidad y el respeto por los dem\u00e1s. Nuestro modelo educativo combina aprendizaje acad\u00e9mico, desarrollo emocional y formaci\u00f3n&hellip; <br \/> <a class=\"button small blue\" href=\"https:\/\/colegiomariacurie.com.mx\/?page_id=42\">Read more<\/a><\/p>\n","protected":false},"author":1,"featured_media":14,"parent":0,"menu_order":0,"comment_status":"closed","ping_status":"closed","template":"","meta":{"footnotes":""},"class_list":["post-42","page","type-page","status-publish","has-post-thumbnail","hentry"],"_links":{"self":[{"href":"https:\/\/colegiomariacurie.com.mx\/index.php?rest_route=\/wp\/v2\/pages\/42","targetHints":{"allow":["GET"]}}],"collection":[{"href":"https:\/\/colegiomariacurie.com.mx\/index.php?rest_route=\/wp\/v2\/pages"}],"about":[{"href":"https:\/\/colegiomariacurie.com.mx\/index.php?rest_route=\/wp\/v2\/types\/page"}],"author":[{"embeddable":true,"href":"https:\/\/colegiomariacurie.com.mx\/index.php?rest_route=\/wp\/v2\/users\/1"}],"replies":[{"embeddable":true,"href":"https:\/\/colegiomariacurie.com.mx\/index.php?rest_route=%2Fwp%2Fv2%2Fcomments&post=42"}],"version-history":[{"count":10,"href":"https:\/\/colegiomariacurie.com.mx\/index.php?rest_route=\/wp\/v2\/pages\/42\/revisions"}],"predecessor-version":[{"id":256,"href":"https:\/\/colegiomariacurie.com.mx\/index.php?rest_route=\/wp\/v2\/pages\/42\/revisions\/256"}],"wp:featuredmedia":[{"embeddable":true,"href":"https:\/\/colegiomariacurie.com.mx\/index.php?rest_route=\/wp\/v2\/media\/14"}],"wp:attachment":[{"href":"https:\/\/colegiomariacurie.com.mx\/index.php?rest_route=%2Fwp%2Fv2%2Fmedia&parent=42"}],"curies":[{"name":"wp","href":"https:\/\/api.w.org\/{rel}","templated":true}]}}

<div data-elementor-type="wp-page" data-elementor-id="42" class="elementor elementor-42">
				<div class="elementor-element elementor-element-403f4e6 e-flex e-con-boxed e-con e-parent" data-id="403f4e6" data-element_type="container" data-e-type="container">
					<div class="e-con-inner">
				<div class="elementor-element elementor-element-ee04012 elementor-widget elementor-widget-image" data-id="ee04012" data-element_type="widget" data-e-type="widget" data-widget_type="image.default">
															<img decoding="async" src="https://colegiomariacurie.com.mx/wp-content/uploads/elementor/thumbs/patio3-scaled-rhf94w4d9smoh6gq9sfnpmmvzatnvjsew4yjrksvgg.jpg" title="patio3" alt="patio3" loading="lazy" />															</div>
					</div>
				</div>
		<div class="elementor-element elementor-element-d53fd72 e-flex e-con-boxed e-con e-parent" data-id="d53fd72" data-element_type="container" data-e-type="container">
					<div class="e-con-inner">
				<div class="elementor-element elementor-element-d10d1b1 elementor-widget elementor-widget-text-editor" data-id="d10d1b1" data-element_type="widget" data-e-type="widget" data-widget_type="text-editor.default">
									<p style="caret-color: #000000; color: #000000;" data-start="370" data-end="670">En la sección de <strong data-start="387" data-end="433">Primaria del Colegio María Curie de México</strong> acompañamos a nuestros alumnos en una etapa clave de su formación académica y personal. A través de una educación integral basada en valores cristianos, fortalecemos el pensamiento crítico, la responsabilidad y el respeto por los demás.</p><p style="caret-color: #000000; color: #000000;" data-start="672" data-end="871">Nuestro modelo educativo combina aprendizaje académico, desarrollo emocional y formación en valores, ayudando a cada estudiante a descubrir sus capacidades y a construir bases sólidas para su futuro.</p>								</div>
				<div class="elementor-element elementor-element-bef1381 elementor-align-justify elementor-widget elementor-widget-button" data-id="bef1381" data-element_type="widget" data-e-type="widget" data-widget_type="button.default">
										<a class="elementor-button elementor-button-link elementor-size-sm" href="#">
						<span class="elementor-button-content-wrapper">
						<span class="elementor-button-icon">
				<svg aria-hidden="true" class="e-font-icon-svg e-fab-whatsapp" viewBox="0 0 448 512" xmlns="http://www.w3.org/2000/svg"><path d="M380.9 97.1C339 55.1 283.2 32 223.9 32c-122.4 0-222 99.6-222 222 0 39.1 10.2 77.3 29.6 111L0 480l117.7-30.9c32.4 17.7 68.9 27 106.1 27h.1c122.3 0 224.1-99.6 224.1-222 0-59.3-25.2-115-67.1-157zm-157 341.6c-33.2 0-65.7-8.9-94-25.7l-6.7-4-69.8 18.3L72 359.2l-4.4-7c-18.5-29.4-28.2-63.3-28.2-98.2 0-101.7 82.8-184.5 184.6-184.5 49.3 0 95.6 19.2 130.4 54.1 34.8 34.9 56.2 81.2 56.1 130.5 0 101.8-84.9 184.6-186.6 184.6zm101.2-138.2c-5.5-2.8-32.8-16.2-37.9-18-5.1-1.9-8.8-2.8-12.5 2.8-3.7 5.6-14.3 18-17.6 21.8-3.2 3.7-6.5 4.2-12 1.4-32.6-16.3-54-29.1-75.5-66-5.7-9.8 5.7-9.1 16.3-30.3 1.8-3.7.9-6.9-.5-9.7-1.4-2.8-12.5-30.1-17.1-41.2-4.5-10.8-9.1-9.3-12.5-9.5-3.2-.2-6.9-.2-10.6-.2-3.7 0-9.7 1.4-14.8 6.9-5.1 5.6-19.4 19-19.4 46.3 0 27.3 19.9 53.7 22.6 57.4 2.8 3.7 39.1 59.7 94.8 83.8 35.2 15.2 49 16.5 66.6 13.9 10.7-1.6 32.8-13.4 37.4-26.4 4.6-13 4.6-24.1 3.2-26.4-1.3-2.5-5-3.9-10.5-6.6z"></path></svg>			</span>
									<span class="elementor-button-text">Más información</span>
					</span>
					</a>
								</div>
					</div>
				</div>
		<div class="elementor-element elementor-element-6f51d9b e-flex e-con-boxed e-con e-parent" data-id="6f51d9b" data-element_type="container" data-e-type="container">
					<div class="e-con-inner">
				<div class="elementor-element elementor-element-ee9a055 elementor-widget elementor-widget-google_maps" data-id="ee9a055" data-element_type="widget" data-e-type="widget" data-widget_type="google_maps.default">
							<div class="elementor-custom-embed">
			<iframe loading="lazy"
					src="https://maps.google.com/maps?q=Cda.%20Francisco%20Moreno%20136%2C%20Villa%20Gustavo%20A.%20Madero%2C%20Gustavo%20A.%20Madero%2C%2007050%20Ciudad%20de%20M%C3%A9xico%2C%20CDMX&#038;t=m&#038;z=16&#038;output=embed&#038;iwloc=near"
					title="Cda. Francisco Moreno 136, Villa Gustavo A. Madero, Gustavo A. Madero, 07050 Ciudad de México, CDMX"
					aria-label="Cda. Francisco Moreno 136, Villa Gustavo A. Madero, Gustavo A. Madero, 07050 Ciudad de México, CDMX"
			></iframe>
		</div>
						</div>
					</div>
				</div>
				</div>

<p>En la sección de Primaria del Colegio María Curie de México acompañamos a nuestros alumnos en una etapa clave de su formación académica y personal. A través de una educación integral basada en valores cristianos, fortalecemos el pensamiento crítico, la responsabilidad y el respeto por los demás. Nuestro modelo educativo combina aprendizaje académico, desarrollo emocional y formación&hellip; <br /> <a class="button small blue" href="https://colegiomariacurie.com.mx/?page_id=42">Read more</a></p>
